{"id":24,"date":"2017-09-19T21:41:08","date_gmt":"2017-09-19T19:41:08","guid":{"rendered":"http:\/\/62.113.204.250\/?page_id=24"},"modified":"2024-03-14T20:44:07","modified_gmt":"2024-03-14T19:44:07","slug":"impressum","status":"publish","type":"page","link":"https:\/\/wilktravel.de\/index.php\/impressum\/","title":{"rendered":"Impressum"},"content":{"rendered":"<p><div class=\"fusion-fullwidth fullwidth-box fusion-builder-row-1 fusion-flex-container has-pattern-background has-mask-background nonhundred-percent-fullwidth non-hundred-percent-height-scrolling\" style=\"--awb-border-radius-top-left:0px;--awb-border-radius-top-right:0px;--awb-border-radius-bottom-right:0px;--awb-border-radius-bottom-left:0px;--awb-flex-wrap:wrap;\" ><div class=\"fusion-builder-row fusion-row fusion-flex-align-items-flex-start fusion-flex-content-wrap\" style=\"max-width:1248px;margin-left: calc(-4% \/ 2 );margin-right: calc(-4% \/ 2 );\"><div class=\"fusion-layout-column fusion_builder_column fusion-builder-column-0 fusion_builder_column_1_1 1_1 fusion-flex-column\" style=\"--awb-bg-size:cover;--awb-width-large:100%;--awb-margin-top-large:0px;--awb-spacing-right-large:1.92%;--awb-margin-bottom-large:20px;--awb-spacing-left-large:1.92%;--awb-width-medium:100%;--awb-order-medium:0;--awb-spacing-right-medium:1.92%;--awb-spacing-left-medium:1.92%;--awb-width-small:100%;--awb-order-small:0;--awb-spacing-right-small:1.92%;--awb-spacing-left-small:1.92%;\"><div class=\"fusion-column-wrapper fusion-column-has-shadow fusion-flex-justify-content-flex-start fusion-content-layout-column\"><div class=\"psacp-wrap psacp-slider-wrap-main\">\r\n\t<div id=\"psacp-post-slider-wrap-1\" class=\"psacp-post-slider-wrap owl-carousel psacp-design-1  psacp-clearfix\" data-conf=\"{&quot;loop&quot;:true,&quot;arrows&quot;:true,&quot;dots&quot;:true,&quot;autoplay&quot;:true,&quot;autoplay_interval&quot;:6000,&quot;speed&quot;:500,&quot;rtl&quot;:false}\"><div class=\"psacp-post-slide psacp-post-13508 psacp-post-standard psacp-has-thumb\">\r\n\t<div class=\"psacp-post-slider-content\">\r\n\t\t<a class=\"psacp-post-linkoverlay\" href=\"https:\/\/wilktravel.de\/index.php\/uncategorized\/2026\/neues-aus-kanada\/\"><\/a>\r\n\t\t<div class=\"psacp-post-img-bg\" style=\"background-image:url(https:\/\/i0.wp.com\/wilktravel.de\/wp-content\/uploads\/2026\/03\/Server1.jpg?fit=1020%2C768&#038;ssl=1); height:700px;\">\r\n\t\t\t<div class=\"psacp-featured-meta\">\r\n\t\t\t\t\t\t\t\t\t\t\t<div class=\"psacp-post-cats\"><a class=\"psacp-post-cat-link psacp-post-cat-2\" href=\"https:\/\/wilktravel.de\/index.php\/category\/reisen\/\">Reisen<\/a> <a class=\"psacp-post-cat-link psacp-post-cat-6\" href=\"https:\/\/wilktravel.de\/index.php\/category\/speisen\/\">Speisen<\/a> <a class=\"psacp-post-cat-link psacp-post-cat-1\" href=\"https:\/\/wilktravel.de\/index.php\/category\/uncategorized\/\">Uncategorized<\/a><\/div>\r\n\t\t\t\t\r\n\t\t\t\t<h2 class=\"psacp-post-title\">\r\n\t\t\t\t\t<a href=\"https:\/\/wilktravel.de\/index.php\/uncategorized\/2026\/neues-aus-kanada\/\">Neues aus Kanada<\/a>\r\n\t\t\t\t<\/h2>\r\n\r\n\t\t\t\t\t\t\t\t<div class=\"psacp-post-meta psacp-post-meta-up\">\r\n\t\t\t\t\t<span class=\"psacp-post-meta-data psacp-post-author\"><i class=\"psacp-fa fa-solid fa-user\"><\/i>Andreas<\/span><span class=\"psacp-post-meta-sep\"> &ndash; <\/span><span class=\"psacp-post-meta-data psacp-post-date\"><i class=\"psacp-fa fa-regular fa-clock\"><\/i>18. M\u00e4rz 2026<\/span>\t\t\t\t<\/div>\r\n\t\t\t\t\t\t\t\t<div class=\"psacp-post-content\">\r\n\t\t\t\t\t<div class=\"psacp-post-desc\">Vor einigen Wochen hatte ich im Anschlu\u00df an meine Tumoroperation vom letzten Oktober ein neues MRT vom Kopf machen lassen...<\/div>\r\n\t\t\t\t\t\t\t\t\t<\/div>\r\n\t\t\t\t\t\t\t<\/div>\r\n\t\t<\/div>\r\n\t<\/div>\r\n<\/div><div class=\"psacp-post-slide psacp-post-13497 psacp-post-standard psacp-has-thumb\">\r\n\t<div class=\"psacp-post-slider-content\">\r\n\t\t<a class=\"psacp-post-linkoverlay\" href=\"https:\/\/wilktravel.de\/index.php\/technik\/2026\/der-kampf-mit-den-eichhoernchen\/\"><\/a>\r\n\t\t<div class=\"psacp-post-img-bg\" style=\"background-image:url(https:\/\/i0.wp.com\/wilktravel.de\/wp-content\/uploads\/2026\/02\/Kanada24.jpg?fit=407%2C227&#038;ssl=1); height:700px;\">\r\n\t\t\t<div class=\"psacp-featured-meta\">\r\n\t\t\t\t\t\t\t\t\t\t\t<div class=\"psacp-post-cats\"><a class=\"psacp-post-cat-link psacp-post-cat-374\" href=\"https:\/\/wilktravel.de\/index.php\/category\/natur\/\">Natur<\/a> <a class=\"psacp-post-cat-link psacp-post-cat-5\" href=\"https:\/\/wilktravel.de\/index.php\/category\/technik\/\">Technik<\/a><\/div>\r\n\t\t\t\t\r\n\t\t\t\t<h2 class=\"psacp-post-title\">\r\n\t\t\t\t\t<a href=\"https:\/\/wilktravel.de\/index.php\/technik\/2026\/der-kampf-mit-den-eichhoernchen\/\">Der Kampf mit den Eichh\u00f6rnchen<\/a>\r\n\t\t\t\t<\/h2>\r\n\r\n\t\t\t\t\t\t\t\t<div class=\"psacp-post-meta psacp-post-meta-up\">\r\n\t\t\t\t\t<span class=\"psacp-post-meta-data psacp-post-author\"><i class=\"psacp-fa fa-solid fa-user\"><\/i>Andreas<\/span><span class=\"psacp-post-meta-sep\"> &ndash; <\/span><span class=\"psacp-post-meta-data psacp-post-date\"><i class=\"psacp-fa fa-regular fa-clock\"><\/i>24. Februar 2026<\/span>\t\t\t\t<\/div>\r\n\t\t\t\t\t\t\t\t<div class=\"psacp-post-content\">\r\n\t\t\t\t\t<div class=\"psacp-post-desc\">In Kanada gibt es viele bunte und interessante V\u00f6gel. Einige einheimische Arten wie Bluejays, Cardinals,\u2026 (siehe Bildleiste oben) sind endemisch...<\/div>\r\n\t\t\t\t\t\t\t\t\t<\/div>\r\n\t\t\t\t\t\t\t<\/div>\r\n\t\t<\/div>\r\n\t<\/div>\r\n<\/div><div class=\"psacp-post-slide psacp-post-13487 psacp-post-standard psacp-has-thumb\">\r\n\t<div class=\"psacp-post-slider-content\">\r\n\t\t<a class=\"psacp-post-linkoverlay\" href=\"https:\/\/wilktravel.de\/index.php\/finanzen\/2026\/kalt-kaelter-am-kaeltesten\/\"><\/a>\r\n\t\t<div class=\"psacp-post-img-bg\" style=\"background-image:url(https:\/\/i0.wp.com\/wilktravel.de\/wp-content\/uploads\/2026\/01\/IMG_20260124_134625174.jpg?fit=1024%2C771&#038;ssl=1); height:700px;\">\r\n\t\t\t<div class=\"psacp-featured-meta\">\r\n\t\t\t\t\t\t\t\t\t\t\t<div class=\"psacp-post-cats\"><a class=\"psacp-post-cat-link psacp-post-cat-4\" href=\"https:\/\/wilktravel.de\/index.php\/category\/finanzen\/\">Finanzen<\/a><\/div>\r\n\t\t\t\t\r\n\t\t\t\t<h2 class=\"psacp-post-title\">\r\n\t\t\t\t\t<a href=\"https:\/\/wilktravel.de\/index.php\/finanzen\/2026\/kalt-kaelter-am-kaeltesten\/\">Kalt, k\u00e4lter am k\u00e4ltesten<\/a>\r\n\t\t\t\t<\/h2>\r\n\r\n\t\t\t\t\t\t\t\t<div class=\"psacp-post-meta psacp-post-meta-up\">\r\n\t\t\t\t\t<span class=\"psacp-post-meta-data psacp-post-author\"><i class=\"psacp-fa fa-solid fa-user\"><\/i>Andreas<\/span><span class=\"psacp-post-meta-sep\"> &ndash; <\/span><span class=\"psacp-post-meta-data psacp-post-date\"><i class=\"psacp-fa fa-regular fa-clock\"><\/i>30. Januar 2026<\/span>\t\t\t\t<\/div>\r\n\t\t\t\t\t\t\t\t<div class=\"psacp-post-content\">\r\n\t\t\t\t\t<div class=\"psacp-post-desc\">Das Leben in St. Thomas in Kanada geht seinen Gang. Vorletztes Wochenende hat es so heftig geschneit, wie schon seit...<\/div>\r\n\t\t\t\t\t\t\t\t\t<\/div>\r\n\t\t\t\t\t\t\t<\/div>\r\n\t\t<\/div>\r\n\t<\/div>\r\n<\/div><div class=\"psacp-post-slide psacp-post-13475 psacp-post-standard psacp-has-thumb\">\r\n\t<div class=\"psacp-post-slider-content\">\r\n\t\t<a class=\"psacp-post-linkoverlay\" href=\"https:\/\/wilktravel.de\/index.php\/technik\/2026\/noch-einmal-leben-in-kanada\/\"><\/a>\r\n\t\t<div class=\"psacp-post-img-bg\" style=\"background-image:url(https:\/\/i0.wp.com\/wilktravel.de\/wp-content\/uploads\/2026\/01\/rehe.jpeg?fit=1024%2C768&#038;ssl=1); height:700px;\">\r\n\t\t\t<div class=\"psacp-featured-meta\">\r\n\t\t\t\t\t\t\t\t\t\t\t<div class=\"psacp-post-cats\"><a class=\"psacp-post-cat-link psacp-post-cat-5\" href=\"https:\/\/wilktravel.de\/index.php\/category\/technik\/\">Technik<\/a><\/div>\r\n\t\t\t\t\r\n\t\t\t\t<h2 class=\"psacp-post-title\">\r\n\t\t\t\t\t<a href=\"https:\/\/wilktravel.de\/index.php\/technik\/2026\/noch-einmal-leben-in-kanada\/\">Noch einmal Leben in Kanada<\/a>\r\n\t\t\t\t<\/h2>\r\n\r\n\t\t\t\t\t\t\t\t<div class=\"psacp-post-meta psacp-post-meta-up\">\r\n\t\t\t\t\t<span class=\"psacp-post-meta-data psacp-post-author\"><i class=\"psacp-fa fa-solid fa-user\"><\/i>Andreas<\/span><span class=\"psacp-post-meta-sep\"> &ndash; <\/span><span class=\"psacp-post-meta-data psacp-post-date\"><i class=\"psacp-fa fa-regular fa-clock\"><\/i>11. Januar 2026<\/span>\t\t\t\t<\/div>\r\n\t\t\t\t\t\t\t\t<div class=\"psacp-post-content\">\r\n\t\t\t\t\t<div class=\"psacp-post-desc\">Nun ist es schon wieder ein Monat her, seit ich nach Kanada gezogen bin. Unser Haus liegt in einer kleinen...<\/div>\r\n\t\t\t\t\t\t\t\t\t<\/div>\r\n\t\t\t\t\t\t\t<\/div>\r\n\t\t<\/div>\r\n\t<\/div>\r\n<\/div><div class=\"psacp-post-slide psacp-post-13451 psacp-post-standard psacp-has-thumb\">\r\n\t<div class=\"psacp-post-slider-content\">\r\n\t\t<a class=\"psacp-post-linkoverlay\" href=\"https:\/\/wilktravel.de\/index.php\/reisen\/2025\/kanada-zum-2ten\/\"><\/a>\r\n\t\t<div class=\"psacp-post-img-bg\" style=\"background-image:url(https:\/\/i0.wp.com\/wilktravel.de\/wp-content\/uploads\/2025\/12\/Kanada-Haus-1.jpg?fit=1024%2C632&#038;ssl=1); height:700px;\">\r\n\t\t\t<div class=\"psacp-featured-meta\">\r\n\t\t\t\t\t\t\t\t\t\t\t<div class=\"psacp-post-cats\"><a class=\"psacp-post-cat-link psacp-post-cat-2\" href=\"https:\/\/wilktravel.de\/index.php\/category\/reisen\/\">Reisen<\/a><\/div>\r\n\t\t\t\t\r\n\t\t\t\t<h2 class=\"psacp-post-title\">\r\n\t\t\t\t\t<a href=\"https:\/\/wilktravel.de\/index.php\/reisen\/2025\/kanada-zum-2ten\/\">Kanada zum 2ten<\/a>\r\n\t\t\t\t<\/h2>\r\n\r\n\t\t\t\t\t\t\t\t<div class=\"psacp-post-meta psacp-post-meta-up\">\r\n\t\t\t\t\t<span class=\"psacp-post-meta-data psacp-post-author\"><i class=\"psacp-fa fa-solid fa-user\"><\/i>Andreas<\/span><span class=\"psacp-post-meta-sep\"> &ndash; <\/span><span class=\"psacp-post-meta-data psacp-post-date\"><i class=\"psacp-fa fa-regular fa-clock\"><\/i>29. Dezember 2025<\/span>\t\t\t\t<\/div>\r\n\t\t\t\t\t\t\t\t<div class=\"psacp-post-content\">\r\n\t\t\t\t\t<div class=\"psacp-post-desc\">Zun\u00e4chst einmal w\u00fcnsche ich allen Leserinnen und Lesern ein gutes, gesundes und erfolgreiches neues Jahr. Das vergangene Jahr, 2025, war...<\/div>\r\n\t\t\t\t\t\t\t\t\t<\/div>\r\n\t\t\t\t\t\t\t<\/div>\r\n\t\t<\/div>\r\n\t<\/div>\r\n<\/div><div class=\"psacp-post-slide psacp-post-13425 psacp-post-standard psacp-has-thumb\">\r\n\t<div class=\"psacp-post-slider-content\">\r\n\t\t<a class=\"psacp-post-linkoverlay\" href=\"https:\/\/wilktravel.de\/index.php\/reisen\/2025\/hirntumor-ich-lebe-noch\/\"><\/a>\r\n\t\t<div class=\"psacp-post-img-bg\" style=\"background-image:url(https:\/\/i0.wp.com\/wilktravel.de\/wp-content\/uploads\/2025\/11\/Bodensee-1.jpg?fit=476%2C359&#038;ssl=1); height:700px;\">\r\n\t\t\t<div class=\"psacp-featured-meta\">\r\n\t\t\t\t\t\t\t\t\t\t\t<div class=\"psacp-post-cats\"><a class=\"psacp-post-cat-link psacp-post-cat-2\" href=\"https:\/\/wilktravel.de\/index.php\/category\/reisen\/\">Reisen<\/a><\/div>\r\n\t\t\t\t\r\n\t\t\t\t<h2 class=\"psacp-post-title\">\r\n\t\t\t\t\t<a href=\"https:\/\/wilktravel.de\/index.php\/reisen\/2025\/hirntumor-ich-lebe-noch\/\">Hirntumor &#8211; ich lebe noch<\/a>\r\n\t\t\t\t<\/h2>\r\n\r\n\t\t\t\t\t\t\t\t<div class=\"psacp-post-meta psacp-post-meta-up\">\r\n\t\t\t\t\t<span class=\"psacp-post-meta-data psacp-post-author\"><i class=\"psacp-fa fa-solid fa-user\"><\/i>Andreas<\/span><span class=\"psacp-post-meta-sep\"> &ndash; <\/span><span class=\"psacp-post-meta-data psacp-post-date\"><i class=\"psacp-fa fa-regular fa-clock\"><\/i>6. November 2025<\/span><span class=\"psacp-post-meta-sep\"> &ndash; <\/span><span class=\"psacp-post-meta-data psacp-post-comments\"><i class=\"psacp-fa fa-solid fa-comments\"><\/i>8 Antwort <\/span>\t\t\t\t<\/div>\r\n\t\t\t\t\t\t\t\t<div class=\"psacp-post-content\">\r\n\t\t\t\t\t<div class=\"psacp-post-desc\">L\u00e4ngere Zeit habe ich hier nichts mehr von mir h\u00f6ren lassen. Das liegt zum einen daran, da\u00df wir unsere Weltreise...<\/div>\r\n\t\t\t\t\t\t\t\t\t<\/div>\r\n\t\t\t\t\t\t\t<\/div>\r\n\t\t<\/div>\r\n\t<\/div>\r\n<\/div><div class=\"psacp-post-slide psacp-post-4526 psacp-post-standard psacp-has-thumb\">\r\n\t<div class=\"psacp-post-slider-content\">\r\n\t\t<a class=\"psacp-post-linkoverlay\" href=\"https:\/\/wilktravel.de\/index.php\/reisen\/2025\/kurzbesuch-in-suedtirol\/\"><\/a>\r\n\t\t<div class=\"psacp-post-img-bg\" style=\"background-image:url(https:\/\/i0.wp.com\/wilktravel.de\/wp-content\/uploads\/2025\/04\/Burg-3.jpg?fit=816%2C612&#038;ssl=1); height:700px;\">\r\n\t\t\t<div class=\"psacp-featured-meta\">\r\n\t\t\t\t\t\t\t\t\t\t\t<div class=\"psacp-post-cats\"><a class=\"psacp-post-cat-link psacp-post-cat-2\" href=\"https:\/\/wilktravel.de\/index.php\/category\/reisen\/\">Reisen<\/a> <a class=\"psacp-post-cat-link psacp-post-cat-6\" href=\"https:\/\/wilktravel.de\/index.php\/category\/speisen\/\">Speisen<\/a><\/div>\r\n\t\t\t\t\r\n\t\t\t\t<h2 class=\"psacp-post-title\">\r\n\t\t\t\t\t<a href=\"https:\/\/wilktravel.de\/index.php\/reisen\/2025\/kurzbesuch-in-suedtirol\/\">Kurzbesuch in S\u00fcdtirol<\/a>\r\n\t\t\t\t<\/h2>\r\n\r\n\t\t\t\t\t\t\t\t<div class=\"psacp-post-meta psacp-post-meta-up\">\r\n\t\t\t\t\t<span class=\"psacp-post-meta-data psacp-post-author\"><i class=\"psacp-fa fa-solid fa-user\"><\/i>Andreas<\/span><span class=\"psacp-post-meta-sep\"> &ndash; <\/span><span class=\"psacp-post-meta-data psacp-post-date\"><i class=\"psacp-fa fa-regular fa-clock\"><\/i>30. April 2025<\/span>\t\t\t\t<\/div>\r\n\t\t\t\t\t\t\t\t<div class=\"psacp-post-content\">\r\n\t\t\t\t\t<div class=\"psacp-post-desc\">Der Freund, bei dem ich momentan in Konstanz wohne, hat hier Chemie studiert. Da die Universit\u00e4t in Konstanz nicht besonders...<\/div>\r\n\t\t\t\t\t\t\t\t\t<\/div>\r\n\t\t\t\t\t\t\t<\/div>\r\n\t\t<\/div>\r\n\t<\/div>\r\n<\/div><div class=\"psacp-post-slide psacp-post-4509 psacp-post-standard psacp-has-thumb\">\r\n\t<div class=\"psacp-post-slider-content\">\r\n\t\t<a class=\"psacp-post-linkoverlay\" href=\"https:\/\/wilktravel.de\/index.php\/reisen\/2025\/kurzbesuch-in-bayern\/\"><\/a>\r\n\t\t<div class=\"psacp-post-img-bg\" style=\"background-image:url(https:\/\/i0.wp.com\/wilktravel.de\/wp-content\/uploads\/2025\/04\/Bayern-2-e1745134531432.jpg?fit=746%2C320&#038;ssl=1); height:700px;\">\r\n\t\t\t<div class=\"psacp-featured-meta\">\r\n\t\t\t\t\t\t\t\t\t\t\t<div class=\"psacp-post-cats\"><a class=\"psacp-post-cat-link psacp-post-cat-2\" href=\"https:\/\/wilktravel.de\/index.php\/category\/reisen\/\">Reisen<\/a> <a class=\"psacp-post-cat-link psacp-post-cat-6\" href=\"https:\/\/wilktravel.de\/index.php\/category\/speisen\/\">Speisen<\/a><\/div>\r\n\t\t\t\t\r\n\t\t\t\t<h2 class=\"psacp-post-title\">\r\n\t\t\t\t\t<a href=\"https:\/\/wilktravel.de\/index.php\/reisen\/2025\/kurzbesuch-in-bayern\/\">Kurzbesuch in Bayern<\/a>\r\n\t\t\t\t<\/h2>\r\n\r\n\t\t\t\t\t\t\t\t<div class=\"psacp-post-meta psacp-post-meta-up\">\r\n\t\t\t\t\t<span class=\"psacp-post-meta-data psacp-post-author\"><i class=\"psacp-fa fa-solid fa-user\"><\/i>Andreas<\/span><span class=\"psacp-post-meta-sep\"> &ndash; <\/span><span class=\"psacp-post-meta-data psacp-post-date\"><i class=\"psacp-fa fa-regular fa-clock\"><\/i>20. April 2025<\/span>\t\t\t\t<\/div>\r\n\t\t\t\t\t\t\t\t<div class=\"psacp-post-content\">\r\n\t\t\t\t\t<div class=\"psacp-post-desc\">K\u00fcrzlich sind mein Freund aus Konstanz und ich nach M\u00fcnchen gereist. Anlass war ein gesch\u00e4ftliches Treffen: Ich habe noch gute...<\/div>\r\n\t\t\t\t\t\t\t\t\t<\/div>\r\n\t\t\t\t\t\t\t<\/div>\r\n\t\t<\/div>\r\n\t<\/div>\r\n<\/div><div class=\"psacp-post-slide psacp-post-4494 psacp-post-standard psacp-has-thumb\">\r\n\t<div class=\"psacp-post-slider-content\">\r\n\t\t<a class=\"psacp-post-linkoverlay\" href=\"https:\/\/wilktravel.de\/index.php\/reisen\/2025\/wieder-in-deutschland\/\"><\/a>\r\n\t\t<div class=\"psacp-post-img-bg\" style=\"background-image:url(https:\/\/i0.wp.com\/wilktravel.de\/wp-content\/uploads\/2025\/04\/Konstanz-2.jpg?fit=1020%2C768&#038;ssl=1); height:700px;\">\r\n\t\t\t<div class=\"psacp-featured-meta\">\r\n\t\t\t\t\t\t\t\t\t\t\t<div class=\"psacp-post-cats\"><a class=\"psacp-post-cat-link psacp-post-cat-2\" href=\"https:\/\/wilktravel.de\/index.php\/category\/reisen\/\">Reisen<\/a><\/div>\r\n\t\t\t\t\r\n\t\t\t\t<h2 class=\"psacp-post-title\">\r\n\t\t\t\t\t<a href=\"https:\/\/wilktravel.de\/index.php\/reisen\/2025\/wieder-in-deutschland\/\">Wieder in Deutschland<\/a>\r\n\t\t\t\t<\/h2>\r\n\r\n\t\t\t\t\t\t\t\t<div class=\"psacp-post-meta psacp-post-meta-up\">\r\n\t\t\t\t\t<span class=\"psacp-post-meta-data psacp-post-author\"><i class=\"psacp-fa fa-solid fa-user\"><\/i>Andreas<\/span><span class=\"psacp-post-meta-sep\"> &ndash; <\/span><span class=\"psacp-post-meta-data psacp-post-date\"><i class=\"psacp-fa fa-regular fa-clock\"><\/i>5. April 2025<\/span>\t\t\t\t<\/div>\r\n\t\t\t\t\t\t\t\t<div class=\"psacp-post-content\">\r\n\t\t\t\t\t<div class=\"psacp-post-desc\">Seit Mitte Januar 2025 befinde ich mich wieder in Deutschland. Mir standen noch etwa 15 Monate ALG1 Zahlungen zu, die...<\/div>\r\n\t\t\t\t\t\t\t\t\t<\/div>\r\n\t\t\t\t\t\t\t<\/div>\r\n\t\t<\/div>\r\n\t<\/div>\r\n<\/div><div class=\"psacp-post-slide psacp-post-4483 psacp-post-standard psacp-has-thumb\">\r\n\t<div class=\"psacp-post-slider-content\">\r\n\t\t<a class=\"psacp-post-linkoverlay\" href=\"https:\/\/wilktravel.de\/index.php\/reisen\/2025\/gewidmet-meinem-alten-tauchfreund-burkhard-w\/\"><\/a>\r\n\t\t<div class=\"psacp-post-img-bg\" style=\"background-image:url(https:\/\/i0.wp.com\/wilktravel.de\/wp-content\/uploads\/2025\/03\/Burki.jpg?fit=493%2C494&#038;ssl=1); height:700px;\">\r\n\t\t\t<div class=\"psacp-featured-meta\">\r\n\t\t\t\t\t\t\t\t\t\t\t<div class=\"psacp-post-cats\"><a class=\"psacp-post-cat-link psacp-post-cat-2\" href=\"https:\/\/wilktravel.de\/index.php\/category\/reisen\/\">Reisen<\/a> <a class=\"psacp-post-cat-link psacp-post-cat-3\" href=\"https:\/\/wilktravel.de\/index.php\/category\/tauchen\/\">Tauchen<\/a><\/div>\r\n\t\t\t\t\r\n\t\t\t\t<h2 class=\"psacp-post-title\">\r\n\t\t\t\t\t<a href=\"https:\/\/wilktravel.de\/index.php\/reisen\/2025\/gewidmet-meinem-alten-tauchfreund-burkhard-w\/\">Gewidmet meinem alten Tauchfreund Burkhard W.<\/a>\r\n\t\t\t\t<\/h2>\r\n\r\n\t\t\t\t\t\t\t\t<div class=\"psacp-post-meta psacp-post-meta-up\">\r\n\t\t\t\t\t<span class=\"psacp-post-meta-data psacp-post-author\"><i class=\"psacp-fa fa-solid fa-user\"><\/i>Andreas<\/span><span class=\"psacp-post-meta-sep\"> &ndash; <\/span><span class=\"psacp-post-meta-data psacp-post-date\"><i class=\"psacp-fa fa-regular fa-clock\"><\/i>27. M\u00e4rz 2025<\/span><span class=\"psacp-post-meta-sep\"> &ndash; <\/span><span class=\"psacp-post-meta-data psacp-post-comments\"><i class=\"psacp-fa fa-solid fa-comments\"><\/i>2 Antwort <\/span>\t\t\t\t<\/div>\r\n\t\t\t\t\t\t\t\t<div class=\"psacp-post-content\">\r\n\t\t\t\t\t<div class=\"psacp-post-desc\">Leider ist schon wieder einer meiner alten Freunde gestorben. Diesmal Burkhard Wagner (aka Burki) aus Marburg. Er war einer meiner...<\/div>\r\n\t\t\t\t\t\t\t\t\t<\/div>\r\n\t\t\t\t\t\t\t<\/div>\r\n\t\t<\/div>\r\n\t<\/div>\r\n<\/div>\t<\/div>\r\n<\/div><\/div><\/div><\/div><\/div><div class=\"fusion-fullwidth fullwidth-box fusion-builder-row-2 fusion-flex-container nonhundred-percent-fullwidth non-hundred-percent-height-scrolling\" style=\"--awb-border-radius-top-left:0px;--awb-border-radius-top-right:0px;--awb-border-radius-bottom-right:0px;--awb-border-radius-bottom-left:0px;--awb-flex-wrap:wrap;\" ><div class=\"fusion-builder-row fusion-row fusion-flex-align-items-flex-start fusion-flex-content-wrap\" style=\"max-width:1248px;margin-left: calc(-4% \/ 2 );margin-right: calc(-4% \/ 2 );\"><div class=\"fusion-layout-column fusion_builder_column fusion-builder-column-1 fusion_builder_column_1_1 1_1 fusion-flex-column\" style=\"--awb-bg-size:cover;--awb-width-large:100%;--awb-margin-top-large:0px;--awb-spacing-right-large:1.92%;--awb-margin-bottom-large:0px;--awb-spacing-left-large:1.92%;--awb-width-medium:100%;--awb-spacing-right-medium:1.92%;--awb-spacing-left-medium:1.92%;--awb-width-small:100%;--awb-spacing-right-small:1.92%;--awb-spacing-left-small:1.92%;\"><div class=\"fusion-column-wrapper fusion-flex-justify-content-flex-start fusion-content-layout-column\"><div class=\"fusion-text fusion-text-1\"><h1>Impressum<\/h1>\n<h2>Angaben gem\u00e4\u00df \u00a7 5 TMG:<\/h2>\n<p>Dr. Andreas Wilk<\/p>\n<p>CAYA Postbox 54485X<br \/>\n96035 Bamberg<\/p>\n<h2>Kontakt:<\/h2>\n<p>Telefon: +49-1575-0363175<br \/>\nE-Mail: wilktravel7@gmail.com<\/p>\n<\/div><\/div><\/div><\/div><\/div><\/p>\n","protected":false},"excerpt":{"rendered":"","protected":false},"author":1,"featured_media":0,"parent":0,"menu_order":0,"comment_status":"closed","ping_status":"closed","template":"","meta":{"jetpack_post_was_ever_published":false,"footnotes":""},"class_list":["post-24","page","type-page","status-publish","hentry"],"jetpack_shortlink":"https:\/\/wp.me\/P9cXHR-o","jetpack-related-posts":[{"id":1252,"url":"https:\/\/wilktravel.de\/index.php\/datenschutzerklaerung\/","url_meta":{"origin":24,"position":0},"title":"Datenschutzerkl\u00e4rung","author":"andreas","date":"31. Mai 2018","format":false,"excerpt":"","rel":"","context":"\u00c4hnlicher Beitrag","block_context":{"text":"\u00c4hnlicher Beitrag","link":""},"img":{"alt_text":"","src":"","width":0,"height":0},"classes":[]}],"jetpack_sharing_enabled":true,"_links":{"self":[{"href":"https:\/\/wilktravel.de\/index.php\/wp-json\/wp\/v2\/pages\/24","targetHints":{"allow":["GET"]}}],"collection":[{"href":"https:\/\/wilktravel.de\/index.php\/wp-json\/wp\/v2\/pages"}],"about":[{"href":"https:\/\/wilktravel.de\/index.php\/wp-json\/wp\/v2\/types\/page"}],"author":[{"embeddable":true,"href":"https:\/\/wilktravel.de\/index.php\/wp-json\/wp\/v2\/users\/1"}],"replies":[{"embeddable":true,"href":"https:\/\/wilktravel.de\/index.php\/wp-json\/wp\/v2\/comments?post=24"}],"version-history":[{"count":2,"href":"https:\/\/wilktravel.de\/index.php\/wp-json\/wp\/v2\/pages\/24\/revisions"}],"predecessor-version":[{"id":3232,"href":"https:\/\/wilktravel.de\/index.php\/wp-json\/wp\/v2\/pages\/24\/revisions\/3232"}],"wp:attachment":[{"href":"https:\/\/wilktravel.de\/index.php\/wp-json\/wp\/v2\/media?parent=24"}],"curies":[{"name":"wp","href":"https:\/\/api.w.org\/{rel}","templated":true}]}}